6802?
True
Does 11 divide 581058075?
False
Does 417 divide 19892568?
True
Is 50364417 a multiple of 7?
False
Is 57 a factor of 42564978?
True
Is 31 a factor of 57992382?
True
Is 2970 a factor of 67609080?
True
Is 8 a factor of 624221208?
True
Does 31 divide 12636825?
False
Is 87054450 a multiple of 70?
True
Is 635 a factor of 60558367?
False
Is 653329105 a multiple of 5995?
True
Does 102 divide 58863605?
False
Is 25 a factor of 937804725?
True
Is 588809 a multiple of 35?
False
Does 682 divide 126468034?
True
Is 482 a factor of 410184410?
True
Does 13 divide 877457249?
False
Does 132 divide 13621585?
False
Is 1981 a factor of 4687115335?
True
Does 99 divide 5637358?
False
Does 10 divide 6163397?
False
Is 160 a factor of 3760640?
True
Is 341 a factor of 45599016?
False
Is 3 a factor of 103914307?
False
Is 9 a factor of 281336687?
False
Is 793 a factor of 316327700?
True
Does 120 divide 232070400?
True
Is 14 a factor of 1091290270?
True
Is 80 a factor of 19859903?
False
Is 162647199 a multiple of 4257?
True
Is 1176 a factor of 246577800?
True
Is 62 a factor of 75248104?
False
Does 20 divide 368697782?
False
Is 39271342 a multiple of 651?
False
Is 3366 a factor of 196850412?
True
Is 59 a factor of 6573929?
False
Is 41218639 a multiple of 66?
False
Does 221 divide 5266872?
True
Is 299517970 a multiple of 10?
True
Is 89496 a multiple of 36?
True
Is 9 a factor of 99615?
False
Is 13411020 a multiple of 420?
True
Is 109 a factor of 386914395?
False
Does 14 divide 898394?
True
Is 2357075215 a multiple of 12943?
False
Does 351 divide 17332731?
True
Does 6 divide 335596368?
True
Is 116 a factor of 6036373?
False
Is 438 a factor of 2393055048?
True
Does 80 divide 411580640?
True
Is 4604 a factor of 484446978?
False
Does 1164 divide 15257712?
True
Is 12979020 a multiple of 10?
True
Does 199 divide 87726823?
False
Does 6 divide 969906?
True
Does 19 divide 7207217?
False
Is 186 a factor of 229818189?
False
Is 351 a factor of 650704503?
False
Does 206 divide 171426611?
False
Is 1065159656 a multiple of 212?
True
Is 69415627 a multiple of 19?
False
Does 2 divide 4720629?
False
Is 34 a factor of 736383628?
True
Does 144 divide 32226192?
True
Is 766 a factor of 1626965?
False
Does 324 divide 33317244?
True
Is 1864417902 a multiple of 282?
True
Is 64 a factor of 37992256?
True
Is 156 a factor of 13056264?
True
Is 33 a factor of 599023071?
False
Does 4 divide 365972926?
False
Is 9 a factor of 22732057?
False
Is 2099 a factor of 45753990?
False
Does 14 divide 2447612220?
False
Is 239159970 a multiple of 30?
True
Is 3135 a factor of 166139325?
True
Is 300 a factor of 280402800?
True
Is 16 a factor of 205372486?
False
Is 34577304 a multiple of 397?
False
Does 430 divide 1590438025?
False
Does 475 divide 2208450?
False
Is 359 a factor of 82147513?
False
Does 1678 divide 11024460?
True
Is 232 a factor of 24918424?
True
Is 204480216 a multiple of 18?
True
Is 633 a factor of 324406803?
True
Is 350305219 a multiple of 486?
False
Is 54341758 a multiple of 166?
False
Is 1818997217 a multiple of 282?
False
Is 225944270 a multiple of 291?
False
Is 6303689404 a multiple of 86?
True
Does 16 divide 4272403440?
True
Does 128 divide 508118144?
True
Does 116 divide 187039560?
True
Is 111939352 a multiple of 56?
True
Is 733 a factor of 781356743?
True
Is 947 a factor of 1562340228?
False
Is 448462510 a multiple of 259?
False
Does 5 divide 14584130?
True
Is 188 a factor of 199574203?
False
Is 122529657 a multiple of 120?
False
Does 529 divide 752767?
True
Does 98 divide 162007389?
False
Is 77 a factor of 289288560?
False
Is 2193 a factor of 439405305?
False
Does 179 divide 31559599?
False
Does 5 divide 9603437?
False
Is 87 a factor of 874872?
True
Is 47 a factor of 2628582113?
True
Is 13 a factor of 20360782?
True
Is 2 a factor of 7891002?
True
Is 2460227352 a multiple of 24?
True
Is 5 a factor of 3317372?
False
Does 34 divide 23504064?
True
Is 2 a factor of 157678884?
True
Does 153 divide 4169439?
False
Is 31906192 a multiple of 248?
True
Is 503 a factor of 850608?
False
Is 28379474 a multiple of 1231?
True
Does 18 divide 140853006?
True
Does 282 divide 258237174?
False
Is 1335 a factor of 293542?
False
Does 183 divide 282035574?
True
Is 13 a factor of 42413043?
False
Does 166 divide 106226491?
False
Is 16690596 a multiple of 582?
True
Does 31 divide 90856280?
False
Is 855686959 a multiple of 71?
True
Is 25740960 a multiple of 1304?
True
Is 31 a factor of 423208488?
False
Is 125990851 a multiple of 31?
True
Is 254 a factor of 249370793?
False
Is 25 a factor of 21187275?
True
Does 9 divide 8687542?
False
Is 3262 a factor of 4258511761?
False
Is 23 a factor of 14545107?
False
Does 11 divide 36929904?
True
Is 74 a factor of 50834532?
False
Is 28 a factor of 3418146732?
True
Is 580 a factor of 589040460?
True
Is 19147037 a multiple of 3?
False
Is 215007095 even?
False
Is 139508432 a multiple of 3560?
False
Is 2946 a factor of 100733029?
False
Is 247993378 a multiple of 877?
False
Does 4 divide 108434596?
True
Does 64 divide 17967360?
True
Is 165761752 a multiple of 134?
True
Is 5 a factor of 102939825?
True
Is 8763254 a multiple of 17?
False
Is 66 a factor of 16172484?
False
Is 445 a factor of 50518723?
False
Is 996830099 a multiple of 438?
False
Is 13976 a factor of 3842754786?
False
Does 75 divide 16465275?
True
Does 236 divide 6883200?
False
Is 1998 a factor of 347678684?
False
Is 8084803 a multiple of 46?
False
Is 158015260 a multiple of 254?
False
Is 1544007531 a multiple of 11?
True
Does 3117 divide 537171312?
True
Is 356526954 a multiple of 18?
True
Is 6698955 a multiple of 15?
True
Is 2094 a factor of 664202132?
False
Does 52 divide 173399710?
False
Is 124 a factor of 171228738?
False
Is 30 a factor of 12246953?
False
Does 4380 divide 561464846?
False
Is 1941620 a multiple of 8?
False
Is 862 a factor of 14853815?
False
Is 467059359 a multiple of 13?
True
Is 4457350 even?
True
Does 122 divide 24342268?
False
Is 74 a factor of 308073766?
True
Does 192 divide 19853534?
False
Does 29 divide 116498410?
False
Is 189452277 a multiple of 9?
True
Is 83667192 a multiple of 708?
True
Is 255492616 a multiple of 3109?
False
Is 16238237 a multiple of 24?
False
Is 156 a factor of 26203632?
True
Is 9 a factor of 1300036626?
True
Does 11 divide 426851557?
True
Does 139 divide 116468071?
False
Is 4848251180 a multiple of 394?
False
Is 8 a factor of 149880130?
False
Does 239 divide 7949140?
True
Does 50 divide 6896900?
True
Does 379 divide 1598362720?
False
Is 432 a factor of 350062992?
True
Does 724 divide 642933747?
False
Is 5721 a factor of 2468708757?
True
Is 13 a factor of 13927381?
True
Does 28 divide 199518976?
False
Is 4 a factor of 309691040?
True
Is 27670596 a multiple of 12?
True
Is 73 a factor of 1059402207?
True
Is 358465544 a multiple of 604?
True
Is 491 a factor of 97217957?
False
Is 17175048 a multiple of 138?
False
Is 919404342 a multiple of 17?
False
Does 8 divide 63366975?
False
Is 3 a factor of 19321564?
False
Is 23400308 a multiple of 46?
False
Is 35043720 a multiple of 115?
True
Is 12 a factor of 146514402?
False
Does 1026 divide 27783625?
False
Is 3014 a factor of 42930258?
False
Is 72109426 a multiple of 4766?
False
Does 1379 divide 347165947?
False
Is 1387 a factor of 92244101?
False
Is 287348867 a multiple of 83?
False
Does 501 divide 14616675?
True
Is 73 a factor of 18013152?
False
Is 82 a factor of 30001586?
True
Is 243466634 a multiple of 12?
False
Is 136741122 a multiple of 18?
True
Is 40 a factor of 3157969491?
False
Does 3 divide 14137262?
False
Is 228921728 a multiple of 764?
False
Is 1622 a factor of 273913254?
False
Is 1491371465 a multiple of 4395?
False
Does 76 divide 17772676?
True
Does 1994 divide 1163688430?
True
Does 268 divide 161570232?
True
Is 698 a factor of 6512351?
False
Is 16 a factor of 1066223744?
True
Is 364731434 a multiple of 525?
False
Is 165 a factor of 188913780?
True
Does 66 divide 26763792?
True
Is 6 a factor of 39945488?
False
Does 7 divide 6338801?
True
Does 14 divide 359888524?
False
Is 285720936 a multiple of 135?
False
Is 107 a factor of 46728504?
False
Does 25 divide 98778098?
False
Is 2170412528 a multiple of 4496?
True
Does 2686 divide 86250392?
False
Is 28078226 a multiple of 473?
True
Is 252336350 a multiple of 483?
False
Does